{"id":197,"date":"2017-02-03T18:49:57","date_gmt":"2017-02-03T17:49:57","guid":{"rendered":"https:\/\/tdwp.000webhostapp.com\/?page_id=197"},"modified":"2025-09-05T10:40:20","modified_gmt":"2025-09-05T08:40:20","slug":"inscription","status":"publish","type":"page","link":"https:\/\/tempsdanse-asso.org\/index.php\/inscription\/","title":{"rendered":"Inscription 2025-2026"},"content":{"rendered":"<p>Il est important de vous<strong> inscrire au plus vite <\/strong>par envoi \u00e0 l&rsquo;adresse suivante : <strong>Association Temps Danse &#8211; 45 rue de L&rsquo;Yser &#8211; 59290 WASQUEHAL.<\/strong><\/p>\n<p><strong><u>Le dossier doit \u00eatre compos\u00e9 de:<\/u><\/strong><strong>\u00a0<\/strong><\/p>\n<ul>\n<li>la fiche de renseignement remplie et sign\u00e9e (dossier <a href=\"https:\/\/tempsdanse-asso.org\/wp-content\/uploads\/2025\/05\/2025-2026-DOSSIER-MINEUR_-INSCRIPTION-ACADEMIE-TEMPS-DANSE.pdf\">mineur<\/a> ou <a href=\"https:\/\/tempsdanse-asso.org\/wp-content\/uploads\/2025\/05\/2025-2026-DOSSIER-ADULTE-_-INSCRIPTION-ACADEMIE-TEMPS-DANSE-1.pdf\">adulte <\/a>),<\/li>\n<li>la validation du <a href=\"https:\/\/tempsdanse-asso.org\/wp-content\/uploads\/2025\/05\/Reglement-Interieur.pdf\">r\u00e8glement int\u00e9rieur<\/a> de l&rsquo;association,<\/li>\n<li>le r\u00e8glement du montant total d\u00fb,<\/li>\n<li>un certificat m\u00e9dical d\u2019aptitude \u00e0 la pratique de la danse.<\/li>\n<\/ul>\n<p><span style=\"color: #993366;\"><strong>Tout dossier d\u00e9pos\u00e9 incomplet ne sera pas pris en compte.<\/strong><\/span><\/p>\n<p>Les renseignements concernant les cours seront communiqu\u00e9s d\u00e9but septembre.<\/p>\n<p><strong>TARIFS 2025\/2026:<\/strong><\/p>\n<ul>\n<li><strong>Adh\u00e9sion (une par famille)<\/strong> :\u00a0<strong>Wasquehaliens 25 \u20ac &#8211; Adh\u00e9sion ext\u00e9rieurs 35 \u20ac<\/strong><\/li>\n<li><strong>Cours d&rsquo;une heure (d\u00e9butant) : 210 \u20ac\u00a0<\/strong><\/li>\n<li><strong>Cours de plus d&rsquo;une heure (avanc\u00e9 et adultes) : 240 \u20ac<\/strong><\/li>\n<li><strong>Cours de Pilates : 275 \u20ac<\/strong><\/li>\n<\/ul>\n<p>Une r\u00e9duction est accord\u00e9e d\u00e8s la 2\u00e8me inscription.<\/p>\n<p>Le r\u00e8glement se fait par ch\u00e8que \u00e0 l\u2019ordre de Temps Danse Wasquehal.\u00a0La totalit\u00e9 du paiement est \u00e0 joindre au dossier d\u2019inscription.\u00a0Comme chaque ann\u00e9e, Temps Danse reste \u00e0 votre \u00e9coute en cas de besoin pour adapter votre r\u00e8glement.\u00a0Vous pouvez nous contacter par mail \u00e0 l\u2019adresse suivante\u00a0: <a href=\"mailto:tresoriere@tempsdanse-asso.org\">tresoriere@tempsdanse-asso.org<\/a> pour tous renseignements.<\/p>\n<p><strong>Attention : pour chaque discipline, une tenue sp\u00e9cifique est souhait\u00e9e &#8211; merci de vous r\u00e9f\u00e9rer aux pages de pr\u00e9sentation des disciplines ou de demander aux professeurs \u00e0 la rentr\u00e9e avant d&rsquo;acheter vos tenues.<\/strong><\/p>\n","protected":false},"excerpt":{"rendered":"<p>Il est important de vous inscrire au plus vite par envoi \u00e0 l&rsquo;adresse suivante : Association Temps Danse &#8211; 45 rue de L&rsquo;Yser &#8211; 59290 WASQUEHAL. Le dossier doit \u00eatre compos\u00e9 de:\u00a0 la fiche de renseignement remplie et sign\u00e9e (dossier mineur ou adulte ), la validation du r\u00e8glement int\u00e9rieur de l&rsquo;association, le r\u00e8glement du montant [&hellip;]<\/p>\n","protected":false},"author":2,"featured_media":0,"parent":0,"menu_order":0,"comment_status":"closed","ping_status":"closed","template":"","meta":{"footnotes":""},"class_list":["post-197","page","type-page","status-publish","hentry","post"],"jetpack_sharing_enabled":true,"_links":{"self":[{"href":"https:\/\/tempsdanse-asso.org\/index.php\/wp-json\/wp\/v2\/pages\/197","targetHints":{"allow":["GET"]}}],"collection":[{"href":"https:\/\/tempsdanse-asso.org\/index.php\/wp-json\/wp\/v2\/pages"}],"about":[{"href":"https:\/\/tempsdanse-asso.org\/index.php\/wp-json\/wp\/v2\/types\/page"}],"author":[{"embeddable":true,"href":"https:\/\/tempsdanse-asso.org\/index.php\/wp-json\/wp\/v2\/users\/2"}],"replies":[{"embeddable":true,"href":"https:\/\/tempsdanse-asso.org\/index.php\/wp-json\/wp\/v2\/comments?post=197"}],"version-history":[{"count":73,"href":"https:\/\/tempsdanse-asso.org\/index.php\/wp-json\/wp\/v2\/pages\/197\/revisions"}],"predecessor-version":[{"id":1932,"href":"https:\/\/tempsdanse-asso.org\/index.php\/wp-json\/wp\/v2\/pages\/197\/revisions\/1932"}],"wp:attachment":[{"href":"https:\/\/tempsdanse-asso.org\/index.php\/wp-json\/wp\/v2\/media?parent=197"}],"curies":[{"name":"wp","href":"https:\/\/api.w.org\/{rel}","templated":true}]}}