{"id":73,"date":"2017-02-02T20:54:05","date_gmt":"2017-02-02T19:54:05","guid":{"rendered":"https:\/\/tdwp.000webhostapp.com\/?page_id=73"},"modified":"2023-06-05T08:05:53","modified_gmt":"2023-06-05T06:05:53","slug":"modern-jazz","status":"publish","type":"page","link":"https:\/\/tempsdanse-asso.org\/index.php\/les-styles\/modern-jazz\/","title":{"rendered":"Modern Jazz"},"content":{"rendered":"<div align=\"left\">Un d\u00e9marrage technique de conscience corporelle, de r\u00e9veil articulaire, de travail des appuis et de la verticalit\u00e9..<\/div>\n<div><\/div>\n<div align=\"left\">Apprentissage d&rsquo;une phrase chor\u00e9graphique (travail de m\u00e9moire corporelle, de sensations et d&rsquo;\u00e9tats de corps, de la qualit\u00e9 de pr\u00e9sence), a partir de laquelle on \u00e9veillera sa propre cr\u00e9ativit\u00e9 dans l&rsquo;improvisation.<\/div>\n<div><\/div>\n<div align=\"left\">Il s&rsquo;agit d&rsquo;un travail technique pr\u00e9cis auquel s&rsquo;ajoute une recherche de fluidit\u00e9 qui permet de d\u00e9lier les contraintes physiques. Ce cours tr\u00e8s dynamique vise \u00e0 s&rsquo;adapter au niveau de chacun afin d&rsquo;apporter une \u00e9volution tout au long de l&rsquo;ann\u00e9e.<\/div>\n<div><\/div>\n<div align=\"left\"><strong>TOUS NIVEAUX \u00e0 partir de 7 ans.<\/strong><\/div>\n<div align=\"left\"><\/div>\n<div align=\"left\"><span style=\"color: #3366ff;\">TENUE\u00a0:<\/span><b> legging noir, d\u00e9bardeur noir ou ou justaucorps noir, pieds nus &#8211;<\/b><strong>\u00a0cheveux attach\u00e9s pour une lecture du corps plus pr\u00e9cise.<\/strong><\/div>\n","protected":false},"excerpt":{"rendered":"<p>Un d\u00e9marrage technique de conscience corporelle, de r\u00e9veil articulaire, de travail des appuis et de la verticalit\u00e9.. Apprentissage d&rsquo;une phrase chor\u00e9graphique (travail de m\u00e9moire corporelle, de sensations et d&rsquo;\u00e9tats de corps, de la qualit\u00e9 de pr\u00e9sence), a partir de laquelle on \u00e9veillera sa propre cr\u00e9ativit\u00e9 dans l&rsquo;improvisation. Il s&rsquo;agit d&rsquo;un travail technique pr\u00e9cis auquel s&rsquo;ajoute [&hellip;]<\/p>\n","protected":false},"author":2,"featured_media":0,"parent":65,"menu_order":0,"comment_status":"closed","ping_status":"closed","template":"","meta":{"footnotes":""},"class_list":["post-73","page","type-page","status-publish","hentry","post"],"jetpack_sharing_enabled":true,"_links":{"self":[{"href":"https:\/\/tempsdanse-asso.org\/index.php\/wp-json\/wp\/v2\/pages\/73","targetHints":{"allow":["GET"]}}],"collection":[{"href":"https:\/\/tempsdanse-asso.org\/index.php\/wp-json\/wp\/v2\/pages"}],"about":[{"href":"https:\/\/tempsdanse-asso.org\/index.php\/wp-json\/wp\/v2\/types\/page"}],"author":[{"embeddable":true,"href":"https:\/\/tempsdanse-asso.org\/index.php\/wp-json\/wp\/v2\/users\/2"}],"replies":[{"embeddable":true,"href":"https:\/\/tempsdanse-asso.org\/index.php\/wp-json\/wp\/v2\/comments?post=73"}],"version-history":[{"count":6,"href":"https:\/\/tempsdanse-asso.org\/index.php\/wp-json\/wp\/v2\/pages\/73\/revisions"}],"predecessor-version":[{"id":1733,"href":"https:\/\/tempsdanse-asso.org\/index.php\/wp-json\/wp\/v2\/pages\/73\/revisions\/1733"}],"up":[{"embeddable":true,"href":"https:\/\/tempsdanse-asso.org\/index.php\/wp-json\/wp\/v2\/pages\/65"}],"wp:attachment":[{"href":"https:\/\/tempsdanse-asso.org\/index.php\/wp-json\/wp\/v2\/media?parent=73"}],"curies":[{"name":"wp","href":"https:\/\/api.w.org\/{rel}","templated":true}]}}